s of 4*5*(-6)/(-8)?
3, 5
What are the prime factors of (14/(-4))/((-4)/8)?
7
Suppose 3*o = -0*o - 12. Let t(i) = -7*i - 2. What are the prime factors of t(o)?
2, 13
Let d(u) = 9*u**2 + 2*u + 3. List the prime factors of d(-2).
5, 7
Let d(k) = -9 - 5*k**2 + 10*k - 2*k + k**3 - 2*k**2. Let u be d(6). Suppose -3*o = u*j - 60, 5*j + 3*o - 38 = 56. What are the prime factors of j?
17
Suppose v = 3*a - 269, -2*a = -0*a - 5*v - 175. What are the prime factors of a?
2, 3, 5
Suppose 1 = -h - 3*m, -9*h - 5*m = -5*h - 10. What are the prime factors of 5/(h/(-3)) - -21?
2, 3
What are the prime factors of -216*(11/(-14) + (-6)/(-21))?
2, 3
Suppose g - 25 = -4*g. Let s be (-4)/g*(-10)/(-2). Let b = s + 12. List the prime factors of b.
2
Let p(m) = 5 + 0 - m**2 - 1 - 4*m. Let b be p(-4). Suppose -b*i = 4*w - 16, 4*w - 2*w + 22 = 4*i. List the prime factors of i.
5
Suppose -5*m = 2*o - 133, 27 - 5 = m + 5*o. Suppose w = 4*s - 45, -2*s + w - m = -4*s. What are the prime factors of s?
2, 3
Let h(i) = i - 1. Let b(s) = s - 1. Let n(m) = 2*b(m) - h(m). Let x be n(-1). List the prime factors of (22/4)/((-1)/x).
11
Suppose -4 = -2*b + 22. List the prime factors of b.
13
List the prime factors of (5/(-15) + 0)*-18.
2, 3
Let f = -5 - -10. Let s be 14/4 - 2/(-4). Suppose f*t - 39 = -s. What are the prime factors of t?
7
Let q be (-158)/(-22) + 4/(-22). Suppose q*y = 4*y + 33. What are the prime factors of y?
11
Let s(k) = 8*k**2 - 6*k + 5*k + 0*k**3 - 5*k - k**3 + 5. What are the prime factors of s(7)?
2, 3
Suppose 0 = 4*n + 305 - 65. What are the prime factors of (-1)/(-2) + n/(-8)?
2
Let p be (-4)/2 + (2 - -4). Let o(y) = 2*y**2 - 4*y - 4. Let d be o(p). Suppose 3*q - d = -i, -7*i + 32 = -3*i - 4*q. List the prime factors of i.
3
Suppose 0 = -2*m + 265 + 121. What are the prime factors of m?
193
Suppose -3*x - 70 = 2*x. Let v = 1 - x. Suppose 0 = -5*s - v + 60. List the prime factors of s.
3
Let b be ((-2)/4)/(9/(-54)). Suppose 5*t = -b*i + 16, i - 32 = -3*i + 4*t. List the prime factors of i.
7
Let w = -56 - -243. List the prime factors of w.
11, 17
Let z(g) = g**3 - 15*g**2 + 15*g. Suppose 0 = 3*p - 8 - 1. Let s be ((-3)/p)/(4/(-56)). What are the prime factors of z(s)?
2, 7
Let n = 12 + -24. Let d = 33 + n. What are the prime factors of d?
3, 7
Suppose 0 = 2*z, -2*z = 4*y - 6*z - 8. Suppose -y - 11 = -b. What are the prime factors of b?
13
Let q be ((-2)/(-4))/(1/2). Let k(b) = -22*b**3 + b - 1. Let w be k(q). What are the prime factors of w/3*(-6)/4?
11
Suppose -3*d - 4*c + 2 + 8 = 0, 0 = d + 5*c + 15. Let h = d + -5. Suppose h*q = -5*v + 40, 5*q = -5 - 0. List the prime factors of v.
3
Suppose 5*n = -5*u - 60, -u - 45 = 4*u + 2*n. Let t = 15 + u. List the prime factors of t.
2
Suppose -2*s - 2 = 4*f, 4*s + 0*f - 8 = 4*f. Suppose -z + s + 13 = 0. List the prime factors of z.
2, 7
Let m(u) = -10*u + 1. Let q be m(2). Let x = 5 - q. List the prime factors of x.
2, 3
Let p = 5 - -27. List the prime factors of p.
2
Let x = -6 + 10. Suppose x*g = -0 + 12. List the prime factors of g.
3
Suppose -3*c + 5*d + 154 = 0, -2*c - 3*c + 274 = -4*d. List the prime factors of c.
2, 29
Suppose -2*p + 13 + 3 = 0. Suppose 5*u - 33 = -p. List the prime factors of u.
5
Let u(f) = -3*f**3 - f**2 - 2*f - 1. Let z be u(-1). Suppose -6*b + 24 = -z*b. List the prime factors of b.
2
Suppose 0 = -2*o + 95 + 99. What are the prime factors of o?
97
Suppose -6*h + 11*h = 145. Suppose -1 = -b + 5*n - 0*n, h = 4*b + 5*n. Let x = 12 - b. What are the prime factors of x?
2, 3
Let d(x) = x + 11. Let w = 8 - 16. Let n be d(w). Suppose -4*f = n*z - 2, 0 = -2*z - 0*z - 3*f. What are the prime factors of z?
2, 3
Suppose 0 = z + 4*z - 25. Suppose 2*u = x + z + 3, -5*u + x = -23. Suppose -u*v = -v - 44. What are the prime factors of v?
11
List the prime factors of (-5)/(-2)*(-24)/(-10).
2, 3
Suppose c + 2*i - 18 = 0, -c + i + 9 + 18 = 0. Let r be c*((-1)/(-2))/1. List the prime factors of (-1)/(-4) + 57/r.
5
Suppose 6*r - 6 = 4*r. Let g(k) = -k**3. Let c(i) = -2*i**3 - 6*i**2 - 2*i + 3. Let b(t) = r*g(t) - c(t). List the prime factors of b(6).
3
Let t = -8 + 12. Suppose -70 = -x - t*x. What are the prime factors of x?
2, 7
What are the prime factors of 3/(2/(-100)*-6)?
5
Let i(q) = -q - 2. Let r be i(-4). Let g(x) = 3*x**3 - x**2 - x + 1. List the prime factors of g(r).
19
List the prime factors of (5 - (-3 + 6))*73*1.
2, 73
Let c = 6 + -4. Suppose -5*j = 3*m + c, -3*m + j + 14 = 2*j. What are the prime factors of m?
2, 3
Suppose 2*f + v - 35 - 133 = 0, -2*f - 4*v + 162 = 0. List the prime factors of f.
5, 17
Let b = -5 - -10. Suppose 5*r - 13 = -i + 3*r, -5*r + b = -3*i. What are the prime factors of i?
5
Let k = -2 - -2. Suppose 0 = -4*t + 32 - k. List the prime factors of t.
2
Let l(t) = t**3 + t + 51. List the prime factors of l(0).
3, 17
Let k = 25 + 4. What are the prime factors of k?
29
Let p be -14 - -13 - 1/1. What are the prime factors of -1*(p - -1)*29?
29
Let j(u) = -7*u - 2. Let a be j(-2). Suppose -2*w + 3*l + a = 0, -w + 21 = 4*w - 3*l. What are the prime factors of w?
3
Let y(u) = -2*u**2 + 46*u - 4. What are the prime factors of y(21)?
2, 5
Let b be (5/(-3))/(2/(-6)). Let v be ((-8)/(-3))/(b/(-75)). What are the prime factors of ((-3)/2)/(4/v)?
3, 5
Let d(s) = -s**2 - 2*s - 1. Let q be d(-1). Suppose q = 6*j - 3*j. Suppose -3*a + 24 + j = 0. List the prime factors of a.
2
Suppose 23 = 3*l - 25. List the prime factors of l.
2
Let x = 72 - 29. Suppose -w + 27 = 2. Let a = x - w. What are the prime factors of a?
2, 3
Suppose -4*w + 18 = -6*w. Let h(b) = -3*b + 1. List the prime factors of h(w).
2, 7
Suppose -4 = -u - 0. Suppose -u*y = -3*w - 59, 0 = -y - 9*w + 4*w + 9. List the prime factors of y.
2, 7
Let v = 4 + -5. Let w be 1 + (-3 - v) + 7. Suppose 4*m - 44 = -4*p, 2*p + 3*m - 32 = -w. What are the prime factors of p?
7
Let l(p) = -p**2 + 8*p + 6. Let a be l(9). List the prime factors of 8 + 0 + (-3 - a).
2
What are the prime factors of ((-1135)/(-4))/((-35)/(-56))?
2, 227
Suppose -2*x - d + 2 = -12, 15 = -x + 5*d. Suppose 0 = -x*g + 3*g + 3*a + 22, -5*g = -2*a - 55. What are the prime factors of g?
11
Let j = -12 - -19. List the prime factors of (-22)/3*(j - 10).
2, 11
Suppose 30 = -w + 6*w. List the prime factors of w.
2, 3
Suppose 2*n = 2*z - 1 + 41, 5*z = 4*n - 97. Let t = z + 32. What are the prime factors of t?
3, 5
Let l = -5 + 8. Suppose 0 = m + l*i - 12, 2*m + i - 2*i = 17. What are the prime factors of m?
3
Suppose q - 518 = -4*u, -2*q - 385 = -3*u - q. List the prime factors of u.
3, 43
List the prime factors of 2/6*(34 + 5).
13
Let k be -2*((-3)/2 + 1). Let g be (-120)/16*(-1 - k). What are the prime factors of 1/((g/9)/5)?
3
Let y(o) = 2*o + 6. Let l be y(5). Let c be l/5 + (-6)/30. Suppose -m - 6 = 2*b + 2*b, -c*m - 4*b + 6 = 0. What are the prime factors of m?
2, 3
Let o(u) = -u**3 - u - 12. Let n be o(0). Let f be (18/n)/((-1)/(-2)). What are the prime factors of (34/4)/(f/(-6))?
17
Let h(m) = 9*m. Let q(i) = -3*i. Let t(y) = 4*h(y) + 11*q(y). Let d be t(1). Suppose -3*j = -c - d - 30, 21 = j + 3*c. What are the prime factors of j?
2, 3
List the prime factors of (18/15)/((-4)/(-30)).
3
Suppose -3*x + 2*k + 18 = x, 0 = -3*x + 5*k + 10. Suppose -l + c = -4*c - 27, x*l = 2*c + 112. List the prime factors of l.
2, 11
Let a(i) = 2*i**2 - 3 - i**2 - 5*i - 2*i**2 + 1. Let t be a(-4). Suppose 7*k = t*k + 15. What are the prime factors of k?
3
List the prime factors of (12/(-8) - -1)*(-328)/2.
2, 41
Let n be 0*((-1)/(-2) + 0). Suppose 4*j - 44 = -n*j. What are the prime factors of j?
11
Let m = 2 - 2. Suppose m = -5*v + 2*p + 23, -3*p + 3 = -0. Suppose k + 3*a - 10 = -k, 4*k = v*a + 42. List the prime factors of k.
2
Let x(p) = p**3 + p**2 + 7. Suppose 0*h - 3*a - 12 = 3*h, -2*h = 5*a + 8. Let v be 6/9 - h/(-6). List the prime factors of x(v).
7
List the prime factors of 32/(-56) + 1894/7 + 1.
271
Let n = 11 - 6. Suppose 29 = n*j - 16. List the prime factors of j.
3
Let x = 8 + 3. Let q = x - 1. Suppose -3*t + q + 9 = 5*h, -5*t + 5*h = -85. List the prime factors of t.
13
List the prime factors of (408/(-85))/((-3)/(-160)*-2).
2
Let q be (-3)/(2/(-1 + -1)). Suppose y = 4, 5*o = q*o - 2*y + 30. What are the prime factors of o?
11
Let u be ((-2)/5)/(5/75). List the prime fact